Evaluate -27 + ((16 - -18) + -31 - (9 + -2)).
-31
-59 + -15 + 44 - -26
-4
Evaluate -10 + 5 + -14 + 3 + (-17 - -16).
-17
What is the value of 10 + 29 + -40 - 19?
-20
4 + 30 + (11 - (1 + -13 + 11))
46
Evaluate (-10 - 2) + (-2 + -52 - 4).
-70
What is -93 + (10 - 2) + (-34 - -27)?
-92
What is -54 + 49 + 50 + -44?
1
What is (-39 - 0) + -5 + 101 + 19?
76
What is the value of 32 + (34 - 46) + -33 + -1?
-14
Calculate -28 + (-31 - -80 - -7).
28
Calculate -589 + 646 + -4 + (0 - 4).
49
(10 - -15) + (1 - 5) + (-108 - -116)
29
Calculate -24 + (37 - (-11 + 3)).
21
Calculate (16 - -2) + (-3 - -7) + 18.
40
What is the value of (22 - 13) + -27 + -16?
-34
Calculate -6 + (27 + -13 + -30 - 18) + 2 + -4.
-42
Calculate (-49 - -25 - 24) + 128 - (3 - 1).
78
What is the value of 24 + 1 - (23 - (30 + -27))?
5
What is the value of (-66 - (29 - 56)) + 60?
21
What is the value of (18 - 19 - -8) + -15 + 1 + -36?
-43
Evaluate 5 + 5 + 0 + (74 + -26 - 61) + 59.
56
Calculate (-14 + 11 - -20) + -14 - (7 - -8).
-12
Calculate -1 - -129 - (2094 + -2033).
67
(96 - (-73 + 176)) + 2 + -2 + -33
-40
What is 1 - 82 - (-73 + 318 + -261)?
-65
What is the value of -43 + (-44 - -187) + -36 - (-1 - 2)?
67
What is 21 - (1 + (-1 - (-23 + 11) - 9))?
18
Calculate -3 - -1 - (-6 + (1 - (-24 + 9))).
-12
What is the value of -68 + (-5 - (-7 - (0 + (5 - 4))) - 10)?
-75
Evaluate -306 + 295 - (-5 - (-14 + (2 - -1))).
-17
What is the value of 47 - 4 - (-87 - (36 + -79))?
87
(-13 - -7) + 17 - (-7 + 4 + 18)
-4
Evaluate (-1 + 0 - 3 - (-6 + -4)) + 49.
55
What is 17 - (-39 - (-35 + -1))?
20
Calculate -80 - (-30 - (-61 + 80)).
-31
-10 - ((-21 - 18) + 17 - -43)
-31
What is the value of (-7 - (-3 + 31 - 26)) + -2 + 24?
13
Calculate -35 + (-29 - (56 - 82)).
-38
Evaluate -91 + 2 - (4410 - 4405).
-94
Evaluate -108 + 83 + -141 + 115.
-51
What is -4 + 4 + (-9 - (-9 + -5)) - (-43 + 129)?
-81
Evaluate -3 + 5 - (47 - -5 - 47).
-3
-46 + (17 - (13 + -7)) - -1
-34
38 + -32 + -8 + -22 + -3
-27
What is the value of (-21 - 1) + (-22 - (-19 - (22 - 10)))?
-13
What is 66 - 58 - (-25 - -40)?
-7
Calculate 5 + -1 - (23 + -8 - 4).
-7
Calculate 69 + 3 + 38 + -60.
50
24 + -115 - ((25 + -13 - 10) + -1)
-92
What is 0 + -1 + 4 - (-120 - (159 - 295))?
-13
What is the value of -173 - ((-40 - 4) + 44 + -35)?
-138
Calculate (3 - 2) + 3 + 7 + 14 + 21 + 18.
64
7 - (169 + -202 - (-2 - -1))
39
What is the value of (6 - (-1 - -8) - 0) + (-17 - -67 - 104)?
-55
42 + (-1 - -3) + (-99 - -79)
24
Evaluate 20 - 18 - 13 - -8 - -15.
12
Calculate -2 - ((-1 - 4) + (-78 - -68)) - (-50 + 98).
-35
5 + -18 + 0 + 13 - 20 - 9
-29
What is (-59 - -2) + -13 + (-16 + 25 - (-9 - -10))?
-62
What is -57 + 0 + -9 + 30 + -1?
-37
Calculate (-65 - (0 - (113 - 57))) + -1 + 41.
31
What is 15 + (5 + (22 - -3) - (82 - 96))?
59
Evaluate -42 - ((-35 - (35 - 62)) + 5 + 1).
-40
What is (46 - 4) + -42 + 31 + -12?
19
25 - (77 + (30 - 63))
-19
What is (-30 - -50 - 56) + 104?
68
What is -65 + 124 + -63 + 105 + (3 + 0 - 1)?
103
75 - (-1 + 6 - (-3 + 1))
68
Calculate (15 - 26) + 10 - (-1 - -67).
-67
What is (-2 - 1) + (8 - 98) + (-21 - -5 - -27)?
-82
Evaluate (4 - 20) + 129 + -85.
28
-33 + (47 - (59 - 33)) - -104
92
Calculate (-38 - -17) + (-24 + -4 - (11 - 22)).
-38
Evaluate -7 + -10 + 13 + (34 - 33).
-3
Evaluate -139 + 53 + 1 + -16 + 36.
-65
What is (1 - 22) + (13 - (-13 + (20 - -17)))?
-32
Calculate -1 + -14 + -1369 + 1338.
-46
Calculate 10 + -4 - (-13 + (-9 - 8) + -2 + 13).
25
What is the value of -4 + -2 - (40 + 6) - (-8 + 0)?
-44
What is (-2 - -15) + (-24 - (20 + -20 - -23))?
-34
Evaluate -81 + (-28 - -105 - 40) - -17.
-27
What is the value of -8007 - -7936 - (-10 + -2 + 1)?
-60
Evaluate -11 - -23 - -5 - 40 - -26.
3
Evaluate -2 - ((3 - 1) + 13) - (225 + -231).
-11
Evaluate (-1 + 41 - 18) + 7 + 7.
36
Calculate 17 + -16 + (-50 - 1 - 7) - -16.
-41
-14 + 38 + 17 + (3 - -3)
47
Evaluate 31 - (-150 + 99 + 148).
-66
Calculate -3 - ((2 - (8 + -4)) + 22 + -30).
7
Evaluate -72 + (149 - 57) - (-1 - -10).
11
Evaluate -85 + 127 - 138 - -133.
37
What is -14 + (9 - (4 + 1 + -5 + -141 + 148))?
-12
What is -73 - (2 + -14 + 10)?
-71
What is -1325 + 1220 + (-23 - 3)?
-131
What is the value of -49 + 71 + (-3 - -9) - 0?
28
49 + (34 - 132) + 74
25
Evaluate (-13 - (-33 + (-2 - 6) + 20)) + 5.
13
Calculate -50 + (31 + -18 + -5 - -4) - 16.
-54
Calculate (-9 - (-61 + 14)) + -2.
36
Evaluate (-20 + 15 - -16 - -4) + -26 + 1.
-10
What is 11 + (-5 - -9) + -5 + -8 - (107 + -2)?
-103
Evaluate -66 - 53 - -105 - (22 - 1).
-35
Calculate -7 - (36 + 5 + -38 + 13).
-23
What is the value of 34 - (-24 + 23 - 28)?
63
What is -15 + -12 + 10 + -8 - -24?
-1
What is 39 + 14 + -12 + -10 + -8?
23
What is (-2 - -73) + (5 + -2 - 4) + (9971 - 9962)?
79
Calculate (3 + -3 - (-59 + 62)) + -27 - -16.
-14
What is 460 + -472 + (-3 - -37)?
22
Calculate (88 - 42) + 48 + -59.
35
Evaluate 3 + (-5 - -9) - (-3 - (-65 + 6 + 4)).
-45
What is the value of -13 - (1 + 0 - 11 - (453 + -469))?
-19
Evaluate -194 - (-53 + -36) - -55.
-50
Evaluate (-9 - -73) + -60 + (13 - -1).
18
Calculate (27 - 7) + -55 + 21 + 11.
-3
What is 132 + 5 + -2 - (509 + -468)?
94
What is the value of -47 + 92 + -28 + 6 + 88?
111
What is the value of -22 + 2 + 3 + -3 - (5416 + -5399)?
-37
Evaluate -20 - (-48 - (17 + -30)).
15
What is -7501 - -7462 - (-1 - 16)?
-22
(-8 - (16 - 17 - -7)) + -63 + 3
-74
Evaluate (15 - (-1 - -30 - 22)) + -21.
-13
What is the value of (-8 - -36) + -78 + 1 + -12?
-61
Calculate -8 + (-53 - (-12 + 11)) + 1.
-59
(-1 - (-2 + -12) - 2) + (121 + -254 - -37)
-85
What is the value of (-92 + -51 - -68) + 1 + (1 - 1 - 5)?
-79
What is the value of 1 - -2 - (14 + (0 - (6 + 14)) + -9)?
18
(-18 - -102) + 103 + -118
69
What is the value of 2 - (11 + (-11 - 6) - -11) - 94?
-97
8 + -24 + 12 + -4 - (-14 + 2) - -27
31
What is -2 + -108 - (345 + -379 - (-37 + -4))?
-117
What is the value of 3 + (3 + -12 - -8) + -6 - 34 - 6?
-44
Evaluate -15 - -12 - (29 + 9).
-41
What is the value of (-1 + 9 - (25 - (-23 + 56))) + -68?
-52
1098 + -1029 - (57 + -1)
13
Evaluate (5 - 3) + 56 - (44 - (-22 + 81)).
73
Calculate -36 + 39 + 0 + -15 + -41.
-53
What is the value of (156 - (-61 - -203)) + -2 + -43?
-31
1 + (-29 - 3) - (-2 - 9 - 0)
-20
What is (-83 - -86 - ((3 + -5 - 32) + 4)) + 9?
42
What is the value of 3 + -16 + -6 + -24 + 1 + -50?
-92
What is the value of (1 - (25 - 14) - -33) + -14 + (106 - 11)?
104
(10 - (57 + -39)) + -10 + 9 + -5
-14
Calculate 106 + -96 + (-5 + 3 - (3 + 1) - -5).
9
(-5 - (-2 + 1) - (27 + -82)) + (-49 - -51)
53
What is the value of (8 - 4 - (2 - 22)) + 1 + -2 + 0?
23
Evaluate (-2 - 15) + (-31 - (-11 - 27)) - -36.
26
Evaluate 0 + 0 + 14 - 1 - (-579 - (-809 + 321)).
104
Evaluate -3 - (16 - (-1 + 29) - (0 + -2)).
7
Calculate -1 - ((19 - 10) + -1) - -52.
43
Calculate (34 - 21) + 28 + (0 + -6 - (-34 - -31)).
38
16 + -62 + -1 + -5
-52
What is the value of (35 - 32 - (5 + -2)) + (-3 - -58)?
55
Evaluate (-3 + 8 - (1 + -26)) + -2 + 15.
43
What is the value of -14 - (-1 - (-2 + -1 + 8)) - (-119 - -82)?
29
Evaluate 6 - (4 - (26 + 5 + 5)) - (-48 - -45).
41
What is -7 - (-32 + 15 + 7 - ((-1 - 0) + -12))?
-10
Calculate -66 + -6 - (142 + -132) - ((0 - -3) + -4).
-81
What is -93 + (3 - (-17 + 0 + -108 + 122))?
-87
Calculate (2 - (1 - -20)) + (-1 - -1) + (2046 - 2034).
-7
What is the value of (8 - -21) + 1 + 6 + 3 + -5?
34
What is the value of -109 + (75 - 0) - (-1 + 19)?
-52
Calculate -4 - -5 - (852 - 841).
-10
What is 64 - 35 - (-23 + (69 - 23))?
6
What is the value of 48 + -21 + -14 + 41 + -25?
29
Evaluate 0 - ((-2 - 1) + (701 - 637)).
-61
What is the value of -81 - (57 + (-4 - 82))?
-52
What is the value of (69 - (46 - 17)) + 8?
48
What is the value of -1 + 45 + (1194 - 1225) + 29 + 0?
42
What is 37 + -23 + (-35 - -17) + 13?
9
Calculate 238 + -203 + (-1 - 45).
-11
-19 + 3 - ((-27 - 34) + 27)
18
(4 - -9) + -8 + -5 + 107 + 0
107
Calculate (-15 - (13 - (12 - 25 - -27))) + (-40 - -4).
-50
What is 31 - (-102 - (-87 - -18))?
64
What is -108 + (29 - -148) - 50?
19
Evaluate -56 + (130 - 65) - -9.
18
Calculate -2 - -1 - -9 - ((14 - -7 - 21) + -36).
44
Calculate -60 - (-27 - (42 - 60)).
-51
Evaluate (15 - 22) + (3 - 3) - (-5 - 34).
32
What is -32 + (-34 + 117 - 25)?
26
(-39 + 74 - -30) + 15
80
Evaluate -22 + (-2 + -16 - 5 - (-448 - -353)).
50
Evaluate 8 + -34 - -6 - (-23 + 3).
0